{"id":381,"date":"2016-08-16T09:28:51","date_gmt":"2016-08-16T08:28:51","guid":{"rendered":"http:\/\/www.dr-rheims-cosmetics.com\/de\/?page_id=381"},"modified":"2016-08-17T16:17:33","modified_gmt":"2016-08-17T15:17:33","slug":"kosmetische-melodie","status":"publish","type":"page","link":"https:\/\/www.dr-rheims-cosmetics.com\/de\/kosmetische-melodie\/","title":{"rendered":"Kosmetische Melodie"},"content":{"rendered":"[vc_row el_class=&#8220;margin-bottom-100&#8243;][vc_column][vc_single_image image=&#8220;197&#8243; img_size=&#8220;full&#8220; el_class=&#8220;full-width&#8220;][\/vc_column][\/vc_row][vc_row el_class=&#8220;uk-container uk-container-center margin-top-100 margin-bottom-100&#8243;][vc_column el_class=&#8220;margin-top-60&#8243;][vc_column_text]\r\n<h3 style=\"text-align: center;\">Kosmetische Melodie<\/h3>\r\n[\/vc_column_text][vc_row_inner el_class=&#8220;margin-top-80&#8243;][vc_column_inner width=&#8220;1\/4&#8243;][vc_column_text]<strong>F\u00fcr alle Hauttypen<\/strong>\r\n\r\nDie sehr pr\u00e4zise und speziell zusammengestellte Formel respektiert den nat\u00fcrlichen Schutz der Haut und ist somit f\u00fcr alle Hauttypen vertr\u00e4glich.[\/vc_column_text][\/vc_column_inner][vc_column_inner width=&#8220;1\/4&#8243;][vc_column_text]<strong>Wie f\u00fchlt es sich an?<\/strong>\r\n\r\nDie einzigartige cremige und seidige Textur dieser neuen Anti-Falten Creme schafft ein unmittelbares Gef\u00fchl von Entspannung und Wohlbefinden.[\/vc_column_text][\/vc_column_inner][vc_column_inner width=&#8220;1\/4&#8243;][vc_column_text]<strong>Wie wirkt die Cr\u00e8me?<\/strong>\r\n\r\nBei regelm\u00e4ssiger Anwendung wird der Feuchtigkeitsgehalt angereichert und die Haut wird vor freien Radikalen und sch\u00e4dlichen Umwelteinfl\u00fcssen gesch\u00fctzt. Die patentierten Wirkstoffe helfen der Haut, sich zu regenerieren, die Widerstandsf\u00e4higkeit wird gest\u00e4rkt und die Plastizit\u00e4t deutlich verbessert: Die Zeichen der Hautalterung werden sichtbar gemildert.[\/vc_column_text][\/vc_column_inner][vc_column_inner width=&#8220;1\/4&#8243;][vc_column_text]<strong>Was sieht man?<\/strong>\r\n\r\nIhre Haut wird glatter, geschmeidiger, fester und wirkt somit j\u00fcnger. Das gesamte Hautbild wird deutlich klarer und ebenm\u00e4ssiger \u2013 der Teint strahlt ![\/vc_column_text][\/vc_column_inner][\/vc_row_inner][\/vc_column][\/vc_row]","protected":false},"excerpt":{"rendered":"<p>[vc_row el_class=&#8220;margin-bottom-100&#8243;][vc_column][vc_single_image image=&#8220;197&#8243; img_size=&#8220;full&#8220; el_class=&#8220;full-width&#8220;][\/vc_column][\/vc_row][vc_row el_class=&#8220;uk-container uk-container-center margin-top-100 margin-bottom-100&#8243;][vc_column el_class=&#8220;margin-top-60&#8243;][vc_column_text] Kosmetische Melodie [\/vc_column_text][vc_row_inner el_class=&#8220;margin-top-80&#8243;][vc_column_inner width=&#8220;1\/4&#8243;][vc_column_text]F\u00fcr alle Hauttypen Die sehr pr\u00e4zise und speziell zusammengestellte Formel respektiert den nat\u00fcrlichen Schutz der Haut und ist somit f\u00fcr alle Hauttypen vertr\u00e4glich.[\/vc_column_text][\/vc_column_inner][vc_column_inner width=&#8220;1\/4&#8243;][vc_column_text]Wie f\u00fchlt es sich an? Die einzigartige cremige und seidige Textur dieser neuen Anti-Falten Creme schafft ein unmittelbares [&hellip;]<\/p>\n","protected":false},"author":1,"featured_media":0,"parent":0,"menu_order":0,"comment_status":"closed","ping_status":"closed","template":"","meta":[],"_links":{"self":[{"href":"https:\/\/www.dr-rheims-cosmetics.com\/de\/wp-json\/wp\/v2\/pages\/381"}],"collection":[{"href":"https:\/\/www.dr-rheims-cosmetics.com\/de\/wp-json\/wp\/v2\/pages"}],"about":[{"href":"https:\/\/www.dr-rheims-cosmetics.com\/de\/wp-json\/wp\/v2\/types\/page"}],"author":[{"embeddable":true,"href":"https:\/\/www.dr-rheims-cosmetics.com\/de\/wp-json\/wp\/v2\/users\/1"}],"replies":[{"embeddable":true,"href":"https:\/\/www.dr-rheims-cosmetics.com\/de\/wp-json\/wp\/v2\/comments?post=381"}],"version-history":[{"count":2,"href":"https:\/\/www.dr-rheims-cosmetics.com\/de\/wp-json\/wp\/v2\/pages\/381\/revisions"}],"predecessor-version":[{"id":452,"href":"https:\/\/www.dr-rheims-cosmetics.com\/de\/wp-json\/wp\/v2\/pages\/381\/revisions\/452"}],"wp:attachment":[{"href":"https:\/\/www.dr-rheims-cosmetics.com\/de\/wp-json\/wp\/v2\/media?parent=381"}],"curies":[{"name":"wp","href":"https:\/\/api.w.org\/{rel}","templated":true}]}}

[vc_row el_class=&#8220;margin-bottom-100&#8243;][vc_column][vc_single_image image=&#8220;197&#8243; img_size=&#8220;full&#8220; el_class=&#8220;full-width&#8220;][/vc_column][/vc_row][vc_row el_class=&#8220;uk-container uk-container-center margin-top-100 margin-bottom-100&#8243;][vc_column el_class=&#8220;margin-top-60&#8243;][vc_column_text]
<h3 style="text-align: center;">Kosmetische Melodie</h3>
[/vc_column_text][vc_row_inner el_class=&#8220;margin-top-80&#8243;][vc_column_inner width=&#8220;1/4&#8243;][vc_column_text]<strong>Für alle Hauttypen</strong>

Die sehr präzise und speziell zusammengestellte Formel respektiert den natürlichen Schutz der Haut und ist somit für alle Hauttypen verträglich.[/vc_column_text][/vc_column_inner][vc_column_inner width=&#8220;1/4&#8243;][vc_column_text]<strong>Wie fühlt es sich an?</strong>

Die einzigartige cremige und seidige Textur dieser neuen Anti-Falten Creme schafft ein unmittelbares Gefühl von Entspannung und Wohlbefinden.[/vc_column_text][/vc_column_inner][vc_column_inner width=&#8220;1/4&#8243;][vc_column_text]<strong>Wie wirkt die Crème?</strong>

Bei regelmässiger Anwendung wird der Feuchtigkeitsgehalt angereichert und die Haut wird vor freien Radikalen und schädlichen Umwelteinflüssen geschützt. Die patentierten Wirkstoffe helfen der Haut, sich zu regenerieren, die Widerstandsfähigkeit wird gestärkt und die Plastizität deutlich verbessert: Die Zeichen der Hautalterung werden sichtbar gemildert.[/vc_column_text][/vc_column_inner][vc_column_inner width=&#8220;1/4&#8243;][vc_column_text]<strong>Was sieht man?</strong>

Ihre Haut wird glatter, geschmeidiger, fester und wirkt somit jünger. Das gesamte Hautbild wird deutlich klarer und ebenmässiger – der Teint strahlt ![/vc_column_text][/vc_column_inner][/vc_row_inner][/vc_column][/vc_row]

<p>[vc_row el_class=&#8220;margin-bottom-100&#8243;][vc_column][vc_single_image image=&#8220;197&#8243; img_size=&#8220;full&#8220; el_class=&#8220;full-width&#8220;][/vc_column][/vc_row][vc_row el_class=&#8220;uk-container uk-container-center margin-top-100 margin-bottom-100&#8243;][vc_column el_class=&#8220;margin-top-60&#8243;][vc_column_text] Kosmetische Melodie [/vc_column_text][vc_row_inner el_class=&#8220;margin-top-80&#8243;][vc_column_inner width=&#8220;1/4&#8243;][vc_column_text]Für alle Hauttypen Die sehr präzise und speziell zusammengestellte Formel respektiert den natürlichen Schutz der Haut und ist somit für alle Hauttypen verträglich.[/vc_column_text][/vc_column_inner][vc_column_inner width=&#8220;1/4&#8243;][vc_column_text]Wie fühlt es sich an? Die einzigartige cremige und seidige Textur dieser neuen Anti-Falten Creme schafft ein unmittelbares [&hellip;]</p>
