{"id":367,"date":"2016-08-16T08:57:30","date_gmt":"2016-08-16T07:57:30","guid":{"rendered":"http:\/\/www.dr-rheims-cosmetics.com\/de\/?page_id=367"},"modified":"2016-08-17T16:22:42","modified_gmt":"2016-08-17T15:22:42","slug":"home","status":"publish","type":"page","link":"https:\/\/www.dr-rheims-cosmetics.com\/de\/","title":{"rendered":"Home"},"content":{"rendered":"[vc_row el_class=&#8220;uk-container uk-container-center margin-top-100 margin-bottom-100&#8243;][vc_column][vc_single_image image=&#8220;248&#8243; alignment=&#8220;center&#8220; style=&#8220;vc_box_circle_2&#8243; el_class=&#8220;margin-top-100&#8243;][vc_column_text el_class=&#8220;margin-bottom-100&#8243;]\r\n<div class=\"uk-grid uk-grid-divider uk-margin-large-top\" data-uk-grid-margin=\"\">\r\n<div class=\"uk-width-medium-1-3\">\r\n<div class=\"uk-panel\">\r\n\r\nDoktor Dominique Rheims ist Spezialist f\u00fcr plastische, rekonstruktive und \u00e4sthetische Chirurgie. Nach seinem Abschluss 1981 an der medizinischen Fakult\u00e4t der Universit\u00e4t Paris VII, entdeckte er f\u00fcr sich, w\u00e4hrend eines Praktikums in Lausanne, die plastische Chirurgie. Ein Jahr sp\u00e4ter entschied sich Dr. Rheims in die Schweiz zur\u00fcckzugehen, um sich an der Universit\u00e4tsklinik (CHUV) und im \u201eCentre de Chirurgie Plastique de Lausanne\u201c zum plastischen Chirurgen zu spezialisieren.\r\n\r\n<\/div>\r\n<\/div>\r\n<div class=\"uk-width-medium-1-3\">\r\n<div class=\"uk-panel\">Nach Abschluss seines Studium 1987, etablierte sich Dr. Rheims in Paris. Er teilte seine Aufgaben zwischen der Robert-Debr\u00e9 Universit\u00e4tsklinik f\u00fcr Kinder und dem American Hospital of Paris. Zus\u00e4tzlich nahm er regelm\u00e4ssig Lehrauftr\u00e4ge wahr in Spanien (Barcelona), Portugal (Coimbra) und China (Shanghai, Guangzhou, Wuhan). Ausserdem beteiligte sich Dr. Rheims an humanit\u00e4ren Missionen in Afrika (Tschad und \u00c4thiopien). Nach einem Treffen mit der Klinik Gruppe Hirslanden im Jahr 2013, entschied sich Dr. Rheims nach Lausanne zur\u00fcckzukehren.<\/div>\r\n<\/div>\r\n<div class=\"uk-width-medium-1-3\">\r\n<div class=\"uk-panel\">\r\n\r\n\u00dcberzeugt, dass Mimosa Tenuiflora eine positive Wirkung auf den Vernarbungs-Prozess hat, verschrieb Dr. Rheims seinen Patienten seit 1990 regelm\u00e4ssig die Salbe als post-operative Pflege. Im Laufe der Zeit bemerkte er, dass diese Mimosa Tenuiflora Salbe die Gesichtshaut derer Patienten deutlich versch\u00f6nerte, die die Salbe regelm\u00e4ssig benutzten. Dieses \u00fcberraschende Ergebnis veranlasste Dr. Rheims, nach der perfekten Formel zu forschen, um die Wirkung noch zu verbessern. Er suchte akribisch nach der idealen Verbindung von hochkonzentrierten Pflanzen-Extrakten und Mimosa Tenuiflora. Im Jahre 2015, nach langen Jahren der Forschung, wurde ECLIPSAGE geschaffen.\r\n\r\n<\/div>\r\n<\/div>\r\n<\/div>\r\n[\/vc_column_text][\/vc_column][\/vc_row][vc_row el_class=&#8220;margin-top-100&#8243; css=&#8220;.vc_custom_1455480031531{background-color: #f2f2f2 !important;}&#8220;][vc_column][vc_row_inner el_class=&#8220;uk-container uk-container-center margin-top-100 margin-bottom-100&#8243;][vc_column_inner el_class=&#8220;margin-top-60 margin-bottom-60&#8243;][vc_column_text el_class=&#8220;margin-bottom-20&#8243;]\r\n<h2 style=\"text-align: center;\">Meinungen und Feedback<\/h2>\r\n[\/vc_column_text][vc_column_text el_class=&#8220;margin-top-60&#8243;]\n<div class=\"tm-divider\" data-uk-slideset=\"{animation: 'slide-horizontal',duration: 150,autoplayInterval: 3000,default: 1,large: 3}\">\n\n    \n    <div class=\"uk-slidenav-position uk-margin\">\n\n        <ul class=\"uk-slideset uk-grid uk-grid-match uk-flex-center uk-grid-width-1-1 uk-grid-width-large-1-3\">\n        \n            <li>\n\n                <div class=\"uk-panel uk-text-center\">\n\n                    \n                    \n                    \n                    \n                    \n                                        <div class=\"uk-margin\"><div class=\"tm-italic\">\u201eSehr sch\u00f6ne Textur. Es gef\u00e4llt mir, dass es praktisch keinen Geruch hat. Die Farbe stimmt auch &#8230; Eclipsage hat eine reichhaltige Textur, wie (normalerweise) bei einer Nachtcreme. Wenn man jedoch die richtige Menge (nicht zu viel) als Tagescreme benutzt, wird die Haut gut mit Feuchtigkeit versorgt. Das f\u00fchlt sich angenehm an und sieht gut aus. Die Creme gl\u00e4ttet die Haut wirklich. Das Make-up h\u00e4lt.\u201c<\/div><\/div>\n                    \n                    \n                    \n                    \n                <\/div>\n\n            <\/li>\n\n        \n            <li>\n\n                <div class=\"uk-panel uk-text-center\">\n\n                    \n                    \n                    \n                    \n                    \n                                        <div class=\"uk-margin\"><div class=\"tm-italic\">\u201eEleganter, hochwertiger Flakon, harmonische Farbkombinationen \u2013 man will einfach entdecken, was da drin ist:  eine leichte Creme mit sehr angenehmer Textur, die sofort einzieht. Ich habe den Anweisungen gefolgt und die Creme leicht einmassiert; die Haut f\u00fchlt sich unmittelbar weich und geschmeidig an. Die Creme fettet nicht und hinterl\u00e4sst keinen Film auf der Haut. Die Haut f\u00fchlt sich entspannt, sch\u00f6n und beruhigt an. Sehr effektiv = ich bin s\u00fcchtig! \u201c<\/div><\/div>\n                    \n                    \n                    \n                    \n                <\/div>\n\n            <\/li>\n\n        \n            <li>\n\n                <div class=\"uk-panel uk-text-center\">\n\n                    \n                    \n                    \n                    \n                    \n                                        <div class=\"uk-margin\"><div class=\"tm-italic\">\u201eSehr seidige Creme, wirklich angenehm zu benutzen &#8211;  als Tages- oder Nachtcreme. Funktioniert gut unter Make-up, da sie weder zu fl\u00fcssig noch zu \u00f6lig ist, zieht gut ein und bietet so eine gute Grundlage f\u00fcr Make-up und Puder. Die Haut f\u00fchlt sich weich und gut durchfeuchtet an. Angenehme, sehr seidige, reichhaltige, nicht fettende Textur. Ich habe eine Misch-Haut und kann keine passende Creme finden; entweder spannt meine Haut oder sie gl\u00e4nzt zu sehr. Diese Creme ist jedoch perfekt. Tolle Textur und man sieht die positive Wirkung schnell. Man f\u00fchlt einfach, dass die Creme gut einzieht. Ich kann nur Gutes \u00fcber das Produkt sagen.\u201c<\/div><\/div>\n                    \n                    \n                    \n                    \n                <\/div>\n\n            <\/li>\n\n        \n            <li>\n\n                <div class=\"uk-panel uk-text-center\">\n\n                    \n                    \n                    \n                    \n                    \n                                        <div class=\"uk-margin\"><div class=\"tm-italic\">\u201eMeine Haut absorbiert die Creme gut. Meine Haut wird samtig und von Anfang an hatte ich ein Gef\u00fchl von Frische. Meine Haut wird gut mit Feuchtigkeit versorgt. Der Flakon ist praktisch und die Creme ist angenehm zu benutzen und zudem wirkungsvoll.\u201c<\/div><\/div>\n                    \n                    \n                    \n                    \n                <\/div>\n\n            <\/li>\n\n        \n            <li>\n\n                <div class=\"uk-panel uk-text-center\">\n\n                    \n                    \n                    \n                    \n                    \n                                        <div class=\"uk-margin\"><div class=\"tm-italic\">\u201eDiese Creme schafft ein Gef\u00fchl von wahrer Entspannung und Wohlbefinden und sorgt f\u00fcr eine glattere Haut. Mein Teint erscheint strahlender und gleichm\u00e4ssiger, meine Haut ist weicher, geschmeidiger und richtig gut mit Feuchtigkeit versorgt.\u201c<\/div><\/div>\n                    \n                    \n                    \n                    \n                <\/div>\n\n            <\/li>\n\n        \n            <li>\n\n                <div class=\"uk-panel uk-text-center\">\n\n                    \n                    \n                    \n                    \n                    \n                                        <div class=\"uk-margin\"><div class=\"tm-italic\">\u201eIch verwende Eclipsage jetzt seit zweieinhalb Wochen. Ich finde das Produkt hervorragend! Meine Poren sind feiner geworden, meine Haut gl\u00e4nzt nie &#8211; ein Problem, das ich mit vielen anderen Cremes hatte. Und ich finde, meine Haut sieht aus, wie leicht gepudert. Der Duft ist neutral, vielleicht sogar leicht medizinisch, was mich \u00fcberhaupt nicht st\u00f6rt. Ich habe selten so eine gute Wirkung in so einer kurzen Zeit an meiner Haut gesehen.\u201c<\/div><\/div>\n                    \n                    \n                    \n                    \n                <\/div>\n\n            <\/li>\n\n        \n            <li>\n\n                <div class=\"uk-panel uk-text-center\">\n\n                    \n                    \n                    \n                    \n                    \n                                        <div class=\"uk-margin\"><div class=\"tm-italic\">\u201eIch nehme Eclipsage t\u00e4glich seit mehreren Wochen: Die Qualit\u00e4t meiner Haut hat sich verbessert und die Zeichen der Hautalterung haben sich verringert. Es mattiert und pflegt gleichzeitig, ein wahres Wunder! Mein Make-up bleibt den ganzen Tag erhalten, ohne dass es verl\u00e4uft oder meine Haut gl\u00e4nzt. Ein einziges Produkt f\u00fcr Tag und Nacht vereinfacht mein Leben. Ich mag den h\u00fcbschen Flakon, der leicht in eine Reisetasche oder Handtasche passt. Mit seiner angenehmen, seidige Textur, ist Eclipsage zu meinem kleinen Ritual geworden: Freude und Entspannung.\u201c<\/div><\/div>\n                    \n                    \n                    \n                    \n                <\/div>\n\n            <\/li>\n\n                <\/ul>\n\n        \n    <\/div>\n\n        <div class=\"uk-flex uk-flex-center uk-margin-top\">\n        <div class=\"uk-grid uk-grid-small\">\n            <div><a href=\"#\" class=\"uk-slidenav uk-slidenav-previous\" data-uk-slideset-item=\"previous\"><\/a><\/div>\n            <div><a href=\"#\" class=\"uk-slidenav uk-slidenav-next\" data-uk-slideset-item=\"next\"><\/a><\/div>\n        <\/div>\n    <\/div>\n    \n    \n    \n<\/div>\n[\/vc_column_text][\/vc_column_inner][\/vc_row_inner][\/vc_column][\/vc_row]","protected":false},"excerpt":{"rendered":"<p>[vc_row el_class=&#8220;uk-container uk-container-center margin-top-100 margin-bottom-100&#8243;][vc_column][vc_single_image image=&#8220;248&#8243; alignment=&#8220;center&#8220; style=&#8220;vc_box_circle_2&#8243; el_class=&#8220;margin-top-100&#8243;][vc_column_text el_class=&#8220;margin-bottom-100&#8243;] Doktor Dominique Rheims ist Spezialist f\u00fcr plastische, rekonstruktive und \u00e4sthetische Chirurgie. Nach seinem Abschluss 1981 an der medizinischen Fakult\u00e4t der Universit\u00e4t Paris VII, entdeckte er f\u00fcr sich, w\u00e4hrend eines Praktikums in Lausanne, die plastische Chirurgie. Ein Jahr sp\u00e4ter entschied sich Dr. Rheims in die Schweiz [&hellip;]<\/p>\n","protected":false},"author":1,"featured_media":0,"parent":0,"menu_order":0,"comment_status":"closed","ping_status":"closed","template":"","meta":[],"_links":{"self":[{"href":"https:\/\/www.dr-rheims-cosmetics.com\/de\/wp-json\/wp\/v2\/pages\/367"}],"collection":[{"href":"https:\/\/www.dr-rheims-cosmetics.com\/de\/wp-json\/wp\/v2\/pages"}],"about":[{"href":"https:\/\/www.dr-rheims-cosmetics.com\/de\/wp-json\/wp\/v2\/types\/page"}],"author":[{"embeddable":true,"href":"https:\/\/www.dr-rheims-cosmetics.com\/de\/wp-json\/wp\/v2\/users\/1"}],"replies":[{"embeddable":true,"href":"https:\/\/www.dr-rheims-cosmetics.com\/de\/wp-json\/wp\/v2\/comments?post=367"}],"version-history":[{"count":6,"href":"https:\/\/www.dr-rheims-cosmetics.com\/de\/wp-json\/wp\/v2\/pages\/367\/revisions"}],"predecessor-version":[{"id":455,"href":"https:\/\/www.dr-rheims-cosmetics.com\/de\/wp-json\/wp\/v2\/pages\/367\/revisions\/455"}],"wp:attachment":[{"href":"https:\/\/www.dr-rheims-cosmetics.com\/de\/wp-json\/wp\/v2\/media?parent=367"}],"curies":[{"name":"wp","href":"https:\/\/api.w.org\/{rel}","templated":true}]}}

[vc_row el_class=&#8220;uk-container uk-container-center margin-top-100 margin-bottom-100&#8243;][vc_column][vc_single_image image=&#8220;248&#8243; alignment=&#8220;center&#8220; style=&#8220;vc_box_circle_2&#8243; el_class=&#8220;margin-top-100&#8243;][vc_column_text el_class=&#8220;margin-bottom-100&#8243;]
<div class="uk-grid uk-grid-divider uk-margin-large-top" data-uk-grid-margin="">
<div class="uk-width-medium-1-3">
<div class="uk-panel">

Doktor Dominique Rheims ist Spezialist für plastische, rekonstruktive und ästhetische Chirurgie. Nach seinem Abschluss 1981 an der medizinischen Fakultät der Universität Paris VII, entdeckte er für sich, während eines Praktikums in Lausanne, die plastische Chirurgie. Ein Jahr später entschied sich Dr. Rheims in die Schweiz zurückzugehen, um sich an der Universitätsklinik (CHUV) und im „Centre de Chirurgie Plastique de Lausanne“ zum plastischen Chirurgen zu spezialisieren.

</div>
</div>
<div class="uk-width-medium-1-3">
<div class="uk-panel">Nach Abschluss seines Studium 1987, etablierte sich Dr. Rheims in Paris. Er teilte seine Aufgaben zwischen der Robert-Debré Universitätsklinik für Kinder und dem American Hospital of Paris. Zusätzlich nahm er regelmässig Lehraufträge wahr in Spanien (Barcelona), Portugal (Coimbra) und China (Shanghai, Guangzhou, Wuhan). Ausserdem beteiligte sich Dr. Rheims an humanitären Missionen in Afrika (Tschad und Äthiopien). Nach einem Treffen mit der Klinik Gruppe Hirslanden im Jahr 2013, entschied sich Dr. Rheims nach Lausanne zurückzukehren.</div>
</div>
<div class="uk-width-medium-1-3">
<div class="uk-panel">

Überzeugt, dass Mimosa Tenuiflora eine positive Wirkung auf den Vernarbungs-Prozess hat, verschrieb Dr. Rheims seinen Patienten seit 1990 regelmässig die Salbe als post-operative Pflege. Im Laufe der Zeit bemerkte er, dass diese Mimosa Tenuiflora Salbe die Gesichtshaut derer Patienten deutlich verschönerte, die die Salbe regelmässig benutzten. Dieses überraschende Ergebnis veranlasste Dr. Rheims, nach der perfekten Formel zu forschen, um die Wirkung noch zu verbessern. Er suchte akribisch nach der idealen Verbindung von hochkonzentrierten Pflanzen-Extrakten und Mimosa Tenuiflora. Im Jahre 2015, nach langen Jahren der Forschung, wurde ECLIPSAGE geschaffen.

</div>
</div>
</div>
[/vc_column_text][/vc_column][/vc_row][vc_row el_class=&#8220;margin-top-100&#8243; css=&#8220;.vc_custom_1455480031531{background-color: #f2f2f2 !important;}&#8220;][vc_column][vc_row_inner el_class=&#8220;uk-container uk-container-center margin-top-100 margin-bottom-100&#8243;][vc_column_inner el_class=&#8220;margin-top-60 margin-bottom-60&#8243;][vc_column_text el_class=&#8220;margin-bottom-20&#8243;]
<h2 style="text-align: center;">Meinungen und Feedback</h2>
[/vc_column_text][vc_column_text el_class=&#8220;margin-top-60&#8243;]
<div class="tm-divider" data-uk-slideset="{animation: 'slide-horizontal',duration: 150,autoplayInterval: 3000,default: 1,large: 3}">

    
    <div class="uk-slidenav-position uk-margin">

        <ul class="uk-slideset uk-grid uk-grid-match uk-flex-center uk-grid-width-1-1 uk-grid-width-large-1-3">
        
            <li>

                <div class="uk-panel uk-text-center">

                    
                    
                    
                    
                    
                                        <div class="uk-margin"><div class="tm-italic">„Sehr schöne Textur. Es gefällt mir, dass es praktisch keinen Geruch hat. Die Farbe stimmt auch &#8230; Eclipsage hat eine reichhaltige Textur, wie (normalerweise) bei einer Nachtcreme. Wenn man jedoch die richtige Menge (nicht zu viel) als Tagescreme benutzt, wird die Haut gut mit Feuchtigkeit versorgt. Das fühlt sich angenehm an und sieht gut aus. Die Creme glättet die Haut wirklich. Das Make-up hält.“</div></div>
                    
                    
                    
                    
                </div>

            </li>

        
            <li>

                <div class="uk-panel uk-text-center">

                    
                    
                    
                    
                    
                                        <div class="uk-margin"><div class="tm-italic">„Eleganter, hochwertiger Flakon, harmonische Farbkombinationen – man will einfach entdecken, was da drin ist:  eine leichte Creme mit sehr angenehmer Textur, die sofort einzieht. Ich habe den Anweisungen gefolgt und die Creme leicht einmassiert; die Haut fühlt sich unmittelbar weich und geschmeidig an. Die Creme fettet nicht und hinterlässt keinen Film auf der Haut. Die Haut fühlt sich entspannt, schön und beruhigt an. Sehr effektiv = ich bin süchtig! “</div></div>
                    
                    
                    
                    
                </div>

            </li>

        
            <li>

                <div class="uk-panel uk-text-center">

                    
                    
                    
                    
                    
                                        <div class="uk-margin"><div class="tm-italic">„Sehr seidige Creme, wirklich angenehm zu benutzen &#8211;  als Tages- oder Nachtcreme. Funktioniert gut unter Make-up, da sie weder zu flüssig noch zu ölig ist, zieht gut ein und bietet so eine gute Grundlage für Make-up und Puder. Die Haut fühlt sich weich und gut durchfeuchtet an. Angenehme, sehr seidige, reichhaltige, nicht fettende Textur. Ich habe eine Misch-Haut und kann keine passende Creme finden; entweder spannt meine Haut oder sie glänzt zu sehr. Diese Creme ist jedoch perfekt. Tolle Textur und man sieht die positive Wirkung schnell. Man fühlt einfach, dass die Creme gut einzieht. Ich kann nur Gutes über das Produkt sagen.“</div></div>
                    
                    
                    
                    
                </div>

            </li>

        
            <li>

                <div class="uk-panel uk-text-center">

                    
                    
                    
                    
                    
                                        <div class="uk-margin"><div class="tm-italic">„Meine Haut absorbiert die Creme gut. Meine Haut wird samtig und von Anfang an hatte ich ein Gefühl von Frische. Meine Haut wird gut mit Feuchtigkeit versorgt. Der Flakon ist praktisch und die Creme ist angenehm zu benutzen und zudem wirkungsvoll.“</div></div>
                    
                    
                    
                    
                </div>

            </li>

        
            <li>

                <div class="uk-panel uk-text-center">

                    
                    
                    
                    
                    
                                        <div class="uk-margin"><div class="tm-italic">„Diese Creme schafft ein Gefühl von wahrer Entspannung und Wohlbefinden und sorgt für eine glattere Haut. Mein Teint erscheint strahlender und gleichmässiger, meine Haut ist weicher, geschmeidiger und richtig gut mit Feuchtigkeit versorgt.“</div></div>
                    
                    
                    
                    
                </div>

            </li>

        
            <li>

                <div class="uk-panel uk-text-center">

                    
                    
                    
                    
                    
                                        <div class="uk-margin"><div class="tm-italic">„Ich verwende Eclipsage jetzt seit zweieinhalb Wochen. Ich finde das Produkt hervorragend! Meine Poren sind feiner geworden, meine Haut glänzt nie &#8211; ein Problem, das ich mit vielen anderen Cremes hatte. Und ich finde, meine Haut sieht aus, wie leicht gepudert. Der Duft ist neutral, vielleicht sogar leicht medizinisch, was mich überhaupt nicht stört. Ich habe selten so eine gute Wirkung in so einer kurzen Zeit an meiner Haut gesehen.“</div></div>
                    
                    
                    
                    
                </div>

            </li>

        
            <li>

                <div class="uk-panel uk-text-center">

                    
                    
                    
                    
                    
                                        <div class="uk-margin"><div class="tm-italic">„Ich nehme Eclipsage täglich seit mehreren Wochen: Die Qualität meiner Haut hat sich verbessert und die Zeichen der Hautalterung haben sich verringert. Es mattiert und pflegt gleichzeitig, ein wahres Wunder! Mein Make-up bleibt den ganzen Tag erhalten, ohne dass es verläuft oder meine Haut glänzt. Ein einziges Produkt für Tag und Nacht vereinfacht mein Leben. Ich mag den hübschen Flakon, der leicht in eine Reisetasche oder Handtasche passt. Mit seiner angenehmen, seidige Textur, ist Eclipsage zu meinem kleinen Ritual geworden: Freude und Entspannung.“</div></div>
                    
                    
                    
                    
                </div>

            </li>

                </ul>

        
    </div>

        <div class="uk-flex uk-flex-center uk-margin-top">
        <div class="uk-grid uk-grid-small">
            <div><a href="#" class="uk-slidenav uk-slidenav-previous" data-uk-slideset-item="previous"></a></div>
            <div><a href="#" class="uk-slidenav uk-slidenav-next" data-uk-slideset-item="next"></a></div>
        </div>
    </div>
    
    
    
</div>
[/vc_column_text][/vc_column_inner][/vc_row_inner][/vc_column][/vc_row]

<p>[vc_row el_class=&#8220;uk-container uk-container-center margin-top-100 margin-bottom-100&#8243;][vc_column][vc_single_image image=&#8220;248&#8243; alignment=&#8220;center&#8220; style=&#8220;vc_box_circle_2&#8243; el_class=&#8220;margin-top-100&#8243;][vc_column_text el_class=&#8220;margin-bottom-100&#8243;] Doktor Dominique Rheims ist Spezialist für plastische, rekonstruktive und ästhetische Chirurgie. Nach seinem Abschluss 1981 an der medizinischen Fakultät der Universität Paris VII, entdeckte er für sich, während eines Praktikums in Lausanne, die plastische Chirurgie. Ein Jahr später entschied sich Dr. Rheims in die Schweiz [&hellip;]</p>
